ve of -7*l**4/24 - 8*l**3/3 + 3*l**2 - 4*l. What is the tens digit of c(n)?
3
Suppose 2*q + 3*q = -5*l - 10, 0 = -l + 4*q - 22. What is the tens digit of (198/(-5))/(l/45)?
9
Let z be (-12)/(-9) + (-26152)/(-42). Suppose 11*f - z = 1950. What is the units digit of f?
4
Let k = -162 - -166. Suppose 5*d = -k*z + 2865, 0*z - 4*z + 2855 = 3*d. What is the tens digit of z?
1
Let q = -10591 - -20910. What is the tens digit of q?
1
Let m(s) = -4*s**3 + 2*s**2 + 14*s - 9. Let h(f) = -f**3. Let j be 70/22 + 13/(429/(-6)). Let p(k) = j*h(k) - m(k). What is the units digit of p(6)?
9
Let a(s) = 547*s**2 - 83*s - 680. What is the tens digit of a(-8)?
9
Suppose 11*w - 10*w + 7 = g, 2*w + 23 = 5*g. Suppose -2*s = -g*f - 1056, -6*s = -4*s + 5*f - 1024. What is the units digit of s?
2
Let l(h) = -13700*h + 507. What is the ten thousands digit of l(-3)?
4
What is the ten thousands digit of (3 - 10 - -9)/(1/22053)?
4
Let j be (-4)/(-38) - (-908)/38. Suppose -14*l + j*l = 1100. What is the tens digit of l?
1
Let h(i) be the third derivative of -17*i**4/8 + 11*i**3/2 + 41*i**2. What is the hundreds digit of h(-12)?
6
Suppose -x = 3*x - 118784 - 36404. What is the tens digit of x?
9
Let f be (-1)/4*50*10/(-25). Let q be 1 + 1 + (-2)/(-2). Suppose -4*c - 3*d - 393 = -1234, f*d + 609 = q*c. What is the hundreds digit of c?
2
Let z(o) = -3*o + 5 + 9*o + o. Let h(g) = 9*g**2 - 27*g + 27. Let v be h(1). What is the units digit of z(v)?
8
Let s(p) = -8697 + 3*p + 8700 + p**2 - 4*p. Let l = -4 - -6. What is the units digit of s(l)?
5
Suppose -315107 = -4*w - 3*a, -4*w + 312377 = -5*a - 2754. What is the ten thousands digit of w?
7
Let k = 114 + -11. Suppose -58 = -5*s - k. What is the tens digit of 2004/27 + 2/s?
7
Let j = 1 - 1. Suppose j = -l + 2*c + 16, -15 = 3*l - 2*c - 47. Suppose -w + l*w = 112. What is the units digit of w?
6
Suppose 192*f - 15517964 + 2519564 = 0. What is the units digit of f?
0
Suppose 36826 + 17081 = 522*b - 515*b. What is the tens digit of b?
0
Let f(w) = -w**2 - 16*w - 29. Suppose -8 - 20 = 2*s. Let v be f(s). Let o(a) = -82*a**3 - 2*a**2. What is the units digit of o(v)?
0
Let t(w) = 2*w**2 + 39*w + 80. Let d(y) = y**2 + 19*y + 40. Let z(o) = -11*d(o) + 6*t(o). Let q be z(-20). What is the tens digit of q/(-5)*6 + 1*3?
7
Suppose -3099 = 20*g - 11299. Suppose -291 - g = -k + 5*t, 3577 = 5*k - t. What is the hundreds digit of k?
7
Let x = 505 - -746. Let m = x + -732. What is the hundreds digit of m?
5
What is the units digit of ((3 + 248/2)*-1)/(8/(-120))?
5
Suppose 363524 = 28*u - 0*u. Suppose -33*s - 4634 = -u. What is the hundreds digit of s?
2
Suppose -6708 = -i + z - 635, -4*z = 32. What is the hundreds digit of i?
0
Suppose -76540 - 157982 = -13*l + 4*l. What is the thousands digit of l?
6
Let j = 73433 + -41172. What is the ten thousands digit of j?
3
Let s(j) = -1070*j + 24562. What is the tens digit of s(0)?
6
Let i be (4 - 4) + (-31 + 1)/(-3). Let h(t) = t**3 - 9*t**2 + 30*t. What is the units digit of h(i)?
0
Suppose 21*b + 1148 = 23*b. Suppose 185 = v + 4*s + 3, 3*v - b = -5*s. What is the hundreds digit of v?
1
What is the thousands digit of 2 + -1*7 - (-55212 - (13 + 1))?
5
Let i(y) be the first derivative of 59*y**4/4 - 3*y**2/2 + 2*y - 77. What is the tens digit of i(1)?
5
Let t(l) = -l**3 + 44*l**2 - 48*l - 48. What is the units digit of t(36)?
2
Suppose 0 = 3*b - 8*b - 725. Let w = b + 319. Let x = 361 - w. What is the tens digit of x?
8
Let a be 16/(-32)*(-6 - 0). Suppose -54 = -2*v - a*k + 9, -2*k - 129 = -5*v. What is the tens digit of v?
2
Let z = 5053 - 1959. What is the hundreds digit of z?
0
Suppose 3*f - 25775 = 25552. What is the thousands digit of f?
7
Suppose o = y + 2 + 1, o - 2*y - 2 = 0. Let r be (10/o)/((-1)/(-40)). Suppose r - 804 = -4*x. What is the units digit of x?
6
What is the units digit of 12 + (-36)/9 - (-6135 - -4)?
9
Let d(s) = 85*s - 155. Let h(i) = 43*i - 79. Let z(b) = -4*d(b) + 9*h(b). What is the hundreds digit of z(5)?
1
Let x be 29/9 + 1 + (-60)/270. Suppose 0 = -o + 3*u + 10, -3*u = -u - x. What is the tens digit of o?
1
What is the thousands digit of (-15)/(150/65)*-2008?
3
Let z(n) = n**2 + 6*n - 21. Let b be z(-9). Suppose 5*r + 9 = 2*t, -4*r = 2*t - 6*r - b. Suppose 10*f - 1044 = -t*f. What is the units digit of f?
7
Suppose 414*f = 204*f + 207*f + 17985. What is the tens digit of f?
9
Let z = -278 - -1060. Suppose 19*o - z = 1821. What is the tens digit of o?
3
Suppose 13*o + 15480 = 374657 + 14924. What is the thousands digit of o?
8
Let a be 14637/(-17) + -4*1. What is the hundreds digit of a*(-5 + (-4 - -8))?
8
Let x = 47 - 46. Suppose 5*q = 4*q - x, -q = -2*g + 13. Suppose -4*b + 0*a = 2*a - 274, 2*a + g = 0. What is the tens digit of b?
7
Suppose -2589 = 3*a - 2*q - 15423, -3*q = -a + 4285. What is the tens digit of a?
7
Let y = 28 - 28. Let i(r) = -r**3 - r**2 + r + 695. Let a be i(y). Suppose 39*w - 44*w = -a. What is the tens digit of w?
3
Let z be 333/(-6)*(-28)/3. Let l = 160 - 158. Suppose 5*f = -l*f + z. What is the tens digit of f?
7
Suppose -16*a + 4008 = -4*a. Suppose a*z = 340*z - 1800. What is the tens digit of z?
0
What is the tens digit of ((-6)/15)/(14/35)*-8195?
9
Let x be 788/(-4 - -8)*1*-1. Let r = -114 - x. Suppose -2*p + r - 29 = 0. What is the units digit of p?
7
What is the tens digit of ((-57)/(-51) - 1) + 10 + (-3597255)/(-255)?
1
Let h = 20769 + -9599. What is the tens digit of h?
7
What is the tens digit of 3/(-21) + (1358064/7)/8?
5
Let p(f) = 70*f - 87. Let d(r) = r**2 - 26*r + 78. Let w be d(23). What is the units digit of p(w)?
3
Let p(h) = -5*h - 43. Let t be p(-23). Let m = t - -83. Let q = 234 - m. What is the tens digit of q?
7
Let x(s) = -2*s**2 + 23 + 35*s + 29*s + 21*s + 3*s. What is the tens digit of x(28)?
1
Let d(g) = -48*g**2 - 5*g + 1. Let w(u) be the first derivative of -u**3/3 + u**2 + u + 45. Let b(j) = -d(j) - 2*w(j). What is the hundreds digit of b(2)?
1
Suppose -5*r + 10 = 0, 3*c + 11*r = 444 + 2848. What is the hundreds digit of c?
0
Suppose 0*z - 4*z - 12 = -5*m, 6 = m + z. Suppose -3*d + 347 = -5*s, -4*d + 487 = m*s + 35. What is the units digit of d?
4
Let s(a) = 11 + 4*a - 29*a + 4*a - 22*a. Suppose -r = -5*f + 22, -13*r - 4*f = -12*r - 14. What is the tens digit of s(r)?
9
Suppose -4*j = -5*p - 166, j + 4*p - 9*p = 49. Let f = -255 - -387. Suppose -42*q + f = -j*q. What is the tens digit of q?
4
What is the ten thousands digit of (735 - 2)/(136/5576)?
3
Let w = 10691 - -513. What is the units digit of w?
4
Let v(f) be the second derivative of f**4/12 + 37*f**3/6 + 13*f**2 + f - 101. What is the hundreds digit of v(14)?
7
Let r(x) = -44 - x**2 + 8*x + 13*x + 21*x - 27*x. What is the tens digit of r(6)?
1
Let z(c) = -25*c**2 - c + 32. Let t be z(-8). What is the units digit of 84/10*t/(-48)?
3
Suppose 9*h + 54 = -0*h. Let l be (-4)/h + 102/9. Suppose 2*p + l = j - p, -4*p = 5*j - 155. What is the tens digit of j?
2
Let c(r) = -53*r + 374. What is the tens digit of c(-56)?
4
Let k = 7554 - -4828. What is the ten thousands digit of k?
1
Let g(d) = d**3 + 18*d**2 + 13. Let j be g(-18). Suppose 989 = j*c - 1910. Suppose -c = -9*m - 7. What is the units digit of m?
4
Suppose 44 = 2*v + 270. Let a be -7 + 4 + (190 - -10). Let u = v + a. What is the units digit of u?
4
Let p(h) = -h**3 + 14*h**2 + 248*h + 50. What is the units digit of p(14)?
2
What is the tens digit of (-2 - (-5642 + 0)) + -7?
3
Let i(c) = -c**3 + c**2 + c - 1. Let q be i(-3). Let d = 1735 + -1724. Suppose h - d = q. What is the units digit of h?
3
Suppose 5*r - 165945 = 5*o, -5*o + 16 + 14 = 0. What is the ten thousands digit of r?
3
Suppose -12*c + 280475 + 459523 = 30*c. What is the units digit of c?
9
Let w(o) = 10211*o**3 - 2*o**2 + 8*o - 6. What is the units digit of w(1)?
1
Let q = 181 - -7880. What is the hundreds digit of q?
0
Suppose 3*r - 9442 = 2*i, 5*r + 3*i - 1662 - 14081 = 0. What is the thousands digit of r?
3
Suppose -q = 4*x - 1078, 4*q - 4326 = -8*x + 6*x. Let b = q - 490. What is the hundreds digit of b?
5
Suppose -95*v - 109842 = -1001987. What is the tens digit of v?
9
Let k(p) = p**3 - 16*p**2 - 14*p - 21. Let g be k(17). Suppose -3*o - 15 - g = 0. Let d(x) = x**3 + 15*x**2 - 10*x + 18. What is the tens digit of d(o)?
6
Suppose -3391*n + 1451